. What is the remainder when h is divided by 4?
2
Calculate the remainder when 63 is divided by (1 + (-33)/(-6))/(3/6).
11
Suppose 16 - 163 = -3*k. Calculate the remainder when k is divided by 10.
9
Let m = -22 - -40. Let d = m - -13. Let b = d + -11. Calculate the remainder when 39 is divided by b.
19
Suppose 4*g = 2*q - 4*q + 52, 3*q + 10 = 2*g. Suppose 0 = -8*v - 3*v + 220. Calculate the remainder when v is divided by g.
9
Let p be 0 + (6 - (3 + -5)). Let i be ((-4)/p)/(2/(-52)). Suppose -4*b + i = -4*t - 3, -5*b - t = -20. What is the remainder when 10 is divided by b?
2
Suppose 0 = -3*f + 67 + 56. Let g = f - 16. Let w(q) = 4*q + 1. What is the remainder when g is divided by w(2)?
7
Suppose 2*o - 16 - 18 = 0. What is the remainder when 81 is divided by o?
13
Let j(i) be the third derivative of 5*i**4/24 + 3*i**3/2 + 2*i**2. Let f = 2 - -13. What is the remainder when j(7) is divided by f?
14
Let l(w) = w**2 + 15*w + 31. What is the remainder when 22 is divided by l(-13)?
2
Let x = 7 - 9. Let j be ((-9)/(-6))/((-6)/(-8)). What is the remainder when (-1)/j*x*46 is divided by 16?
14
Let r be 2/(-1 - (-1)/(-1)). Calculate the remainder when 25 is divided by (-10 - -1)*(r - 0).
7
Let m be 3/(-9) + (-1)/(-3). Suppose -2 = -2*z - m. Suppose -l + z + 17 = 0. What is the remainder when l is divided by 10?
8
Let l be (15/10)/(12/(-80)). Let f = 15 - l. Suppose -3*b = -0*b - 39. What is the remainder when f is divided by b?
12
Suppose -4*w = -2*a - 0*w + 18, -4*w = 8. Calculate the remainder when 17 is divided by a.
2
What is the remainder when (-114)/(-8) + 1/(-4) is divided by 8 - (2/4 - (-5)/2)?
4
Let f = -12 + 21. Suppose -10 = -3*g + 74. What is the remainder when g is divided by f/(-15) + (-106)/(-10)?
8
Let j be 1 + 1*-2 + 20. Let t = -8 + j. Let h = 5 + 16. Calculate the remainder when h is divided by t.
10
Suppose -4*p - 10 = -d, 5*d + 0*d - 2 = 4*p. Let w be -6 - (12/d + 3). Calculate the remainder when (0 - w)*70/6 is divided by 19.
16
Let y(h) = 0*h**3 - 2*h**3 - 2*h**2 - 14 + 7*h - 7*h**2 + h**3. Let d = 13 - 7. What is the remainder when y(-10) is divided by d?
4
Let k(h) = 2*h**3 - 5*h**2 - 3*h - 1. Let x be k(4). Suppose 0 = -5*w + 3*p + 20, 3*w + 9 - x = -p. Calculate the remainder when w is divided by 4.
3
Let a(d) = 36*d. Let p be a(2). Suppose g + g = p. Suppose -2*h - 57 = -5*h. What is the remainder when g is divided by h?
17
Suppose -2*y + 10 = 3*y. What is the remainder when 13 - (2 + -2 + y) is divided by ((-12)/(-5))/((-24)/(-60))?
5
Let l = 7 + -4. Suppose 3*y = -0*g + l*g - 15, -2*y = -5*g + 37. Let c(n) = -3*n + 13. Calculate the remainder when c(-4) is divided by g.
7
Suppose -2*k = -2*p - 5*k + 160, -p + k = -85. What is the remainder when p is divided by 21?
20
Suppose 5 + 1 = 2*f, 4*a = 2*f + 6. Let j(w) = 0*w + w**2 + 0 + a*w + 1. Calculate the remainder when 21 is divided by j(-5).
10
Let d(r) = 2*r - 13. Calculate the remainder when 20 is divided by d(10).
6
Suppose -3*r - 4*u = -2*u - 26, 5*u - 14 = r. What is the remainder when 6 is divided by r?
0
Let f(o) = -o**2 + 21*o + 10. Calculate the remainder when f(18) is divided by 23.
18
Let w = -39 - -105. Suppose -2*l + 0*l = w. Let k = -14 - l. What is the remainder when 37 is divided by k?
18
Let j = -2 - 6. Let f = j + 12. What is the remainder when 11 is divided by f?
3
Let q(f) = -12*f**3 + 2*f + 1. Suppose 4*o + 40 = -44. What is the remainder when ((-32)/3)/(7/o) is divided by q(-1)?
10
What is the remainder when (243/45)/((-1)/(-5)) is divided by 15?
12
Let t(z) = z**3 + 11*z**2 + 10*z + 10. Let f be 25/1*12/(-30). What is the remainder when 17 is divided by t(f)?
7
What is the remainder when 35 is divided by ((-20)/(-30))/((-2)/(-36))?
11
Suppose 0 = 5*o - p - 842, 3*o + 3*p + 51 = 567. What is the remainder when o is divided by 43?
40
Let v(w) = w + 5. Let q be v(-3). Suppose 0 = -q*o + o + 7. What is the remainder when 12 is divided by o?
5
Let c(o) = 2*o**2 + 7*o + 1. Let n be c(-5). Suppose 0 = 4*s - n - 0. What is the remainder when 5 is divided by s?
1
Suppose -v + 3*h = 2*h - 23, 2*v = -3*h + 36. Suppose -3*k + 40 = 4*z - 10, -4*k - 25 = -3*z. Calculate the remainder when v is divided by z.
10
Let z = 71 - 46. Calculate the remainder when 49 is divided by z.
24
Suppose 5*y + 5*w + 101 = 491, -5*w = 4*y - 315. Calculate the remainder when y is divided by 39.
36
Suppose 2*p = 4*n + 2, -5*p + n - 23 = -2*n. Let c = 6 - p. What is the remainder when c is divided by (-4)/(-1) + -4 + 5?
3
Let c = -23 - -34. What is the remainder when c is divided by 5*((-11)/(-5) + -1)?
5
Let x(q) be the second derivative of -q**3/6 - 5*q**2 + q. Suppose -4*j + 2*a = 48, 4*j - j - 2*a = -36. Calculate the remainder when 7 is divided by x(j).
1
Let u be 2/9 - (-29)/(-9). Let v = 4 + u. What is the remainder when ((-68)/(-2) - v) + 2 is divided by 18?
17
Calculate the remainder when 44 is divided by 21 - (-5 - 4/(-2)).
20
Let h(j) = 4*j**3 - 5*j**2 + 2*j + 1. What is the remainder when h(3) is divided by 19?
13
Suppose 57 = -5*h - 43. Let y = h + 29. Calculate the remainder when 25 is divided by y.
7
What is the remainder when 10 is divided by 2/5 + 39/15?
1
Let f = 1 - -8. What is the remainder when 12 is divided by 42/f*6/4?
5
Suppose 3*o = 6*o - 30. What is the remainder when o is divided by 6?
4
Let f(h) = h**3 - 5*h**2 - 7*h - 1. Let c be f(6). Suppose -104 = -2*g - 4*l + 2*l, 92 = 2*g + 5*l. What is the remainder when g is divided by (-2)/7 - 135/c?
18
Let k = -15 - -9. Let h be ((-10)/k)/(2/12). Suppose p - h = -p. What is the remainder when p is divided by 3?
2
Let w be (-6)/(-21) - 12/(-7). Let d be (0 - (-38)/(-4))*-2. Suppose y = w*y - d. What is the remainder when y is divided by 5?
4
Let u(j) = -j**3 - 5*j**2 - 4*j + 2. Suppose -3*s = 35 - 47. What is the remainder when s is divided by u(-4)?
0
Suppose -3*t + 243 = -3*w + 42, -w - 211 = -3*t. Calculate the remainder when t is divided by 15.
12
Suppose 7*k + 140 = 27*k. Calculate the remainder when k is divided by 5.
2
Let z = -8 - -14. What is the remainder when 23 is divided by z?
5
Let h = 31 + -4. Suppose -2*u - 30 = -5*u. Calculate the remainder when h is divided by u.
7
Suppose -z + 4*c + 4 = 16, -4*z = 5*c - 36. Suppose -9*f + 50 = -4*f. Calculate the remainder when f is divided by z.
2
Suppose -2 = -5*j + 3. Let k(g) = 2 - 2 + 2*g - 1. What is the remainder when k(j) is divided by 1?
0
Suppose 4*a - 5*m - 112 = 0, 4*a - 5*m - 140 = -a. Let k = -18 + 33. Calculate the remainder when a is divided by k.
13
Suppose 2*c - 54 = -4*p, -p - 4*p + 45 = -2*c. What is the remainder when 39 is divided by p?
6
Let q = -43 - -99. What is the remainder when q is divided by 30?
26
Suppose -9 = 2*w - 153. Let k = -50 + w. What is the remainder when k is divided by (-6)/10 + (-189)/(-15)?
10
Let v(b) = 6*b**2. Let m be v(1). Suppose m*l = l + 10. Suppose 1 - 5 = -2*a. What is the remainder when a is divided by l?
0
Let o = -28 + 37. What is the remainder when 35 is divided by o?
8
Let m = 110 + -69. Calculate the remainder when 122 is divided by m.
40
Let g(h) = -2*h**3 + 3*h**2 - 1. What is the remainder when 105 is divided by g(-2)?
24
Suppose 2*c + 4*t + 24 = 30, -80 = -5*c + 3*t. Let d be 12/((-2)/24*-2). Suppose -3*l = -6*l + d. What is the remainder when l is divided by c?
11
Let o(u) = -3*u + 1. Let i(m) = -2*m**2 + 10*m + 4. Calculate the remainder when o(-2) is divided by i(5).
3
Suppose -p = -59 - 1. Calculate the remainder when p is divided by 31.
29
Let v(l) = l**2 - l - 77. Calculate the remainder when v(12) is divided by 22.
11
Let g(m) = 12*m + 1. Let t be g(-1). Let r(b) = -b - 5. What is the remainder when 17 is divided by r(t)?
5
Let x(f) = 10*f**2 + 4*f - 1. Let z be x(4). Suppose 4*c - z = -c. Suppose -39 = -2*n - 15. What is the remainder when c is divided by n?
11
Suppose -2*t - 78 = 5*j, 3*j + 0*t - 5*t = -22. Let n = j + 27. Calculate the remainder when 37 is divided by n.
11
Suppose 7*p = 2*p + 65. Calculate the remainder when p is divided by ((-10)/(-6))/(4/12).
3
Suppose -5*j + 4*y = 2 - 219, 0 = -2*j + 3*y + 91. Suppose -2*s + 22 = 2*f - 10, 5*s = -2*f + j. What is the remainder when 38 is divided by f?
12
What is the remainder when (-1963)/(-39) - (-4)/6 is divided by 18?
15
Let f = -26 +